51 = 5*h, 3*i - 2*h = 2*i + 9. Let m = i + 10. What is the greatest common divisor of m and 145?
29
Let p be (-6)/8 + 165/(-20). Let q(g) = -g**3 - 8*g**2 + 9*g + 4. Let s be q(p). Let z be 318/s + 5/10. Calculate the highest common factor of z and 10.
10
Suppose 3*f + 5*q = 90, 3*f - 32 = 2*f - q. Let d = 586 + -201. Calculate the highest common divisor of d and f.
35
Let b = 65 - 51. Let v be (-1 - -11)*b/4. Calculate the highest common divisor of v and 70.
35
Let h be 242/10 + (-1)/5. What is the greatest common factor of h and 32?
8
Let n be 26 - (-2 - -16)/(-7). Calculate the greatest common factor of 36 and n.
4
Let c(j) = 66*j + 345. Let f be c(5). What is the highest common divisor of f and 100?
25
Suppose -249 = -23*q + 50. Calculate the greatest common divisor of 13 and q.
13
Let g(o) = o**2 - 7*o + 11. Let u be g(7). Suppose -6*y + 44 = -5*y. Calculate the greatest common divisor of y and u.
11
Suppose -u = 32 - 108. Let o = u + -43. Let d be ((-44)/6)/((-4)/12). Calculate the greatest common factor of d and o.
11
Let b(k) = -k**3 - 37*k**2 - 4*k - 146. Let c be b(-37). Calculate the greatest common factor of c and 18.
2
Let i(q) = 4*q**2 + 14*q + 59. Let k be i(-6). Calculate the greatest common factor of k and 35.
7
Suppose 4*d = -2*a, -a + 0*a - 14 = -5*d. Let b be (-660)/(-40) - d/4. Calculate the highest common factor of 144 and b.
16
Let k = 64 - 188. Let q = -84 - k. What is the greatest common divisor of q and 10?
10
Let j(l) = -l. Let m(i) = 10*i - 2*i + 6 - 5*i**2 - 11*i**3 + 10*i**3. Let a be m(-6). Let n be j(a). Calculate the highest common divisor of 6 and n.
6
Suppose 0 = -6*f + f + 1170. Suppose 4*m + 5 - 29 = 0. Suppose 9 = -m*i + 165. Calculate the highest common divisor of i and f.
26
Let k = -6 - -6. Suppose -3*l + k*l = 0. Let b be 72 + 3 - (l - 2). What is the highest common divisor of b and 11?
11
Let o(n) = -n. Let y(f) = -4*f - 3. Let h(k) = 5*o(k) - y(k). Let s be h(-5). Calculate the highest common factor of 48 and s.
8
Suppose -5*p + 7*p - 384 = 0. Suppose p = -2*h - 2*h. Let a be (-16)/h - (-41)/3. Calculate the highest common factor of 126 and a.
14
Let j(c) be the first derivative of c**3/3 + 5*c**2 - 7*c + 4. Let i be j(-12). Let s = i + -13. Calculate the highest common divisor of s and 4.
4
Suppose -11*u - 44 = -3223. What is the greatest common divisor of u and 51?
17
Suppose 96 = v - 2*p, -v = -4*v - 2*p + 304. Let x(d) = d**2 - 19*d - 80. Let z be x(-5). What is the greatest common factor of z and v?
20
Let a = 441 + -416. Suppose -2*u = -0*c - 2*c - 140, 5*c = 2*u - 125. What is the greatest common factor of a and u?
25
Let l = -14 + 41. Let s be l*(5 + (-12)/3). What is the greatest common factor of 81 and s?
27
Let a = 340 - -119. Let l = a + 63. Suppose 0 = 5*v + 4*f - l - 90, 4*v - 483 = -f. Calculate the greatest common factor of 24 and v.
24
Let i be ((-4)/(-6))/((-48)/(-3816)). Let q = i - 3. What is the greatest common divisor of q and 75?
25
Let t(m) be the third derivative of 0*m + 1/3*m**3 + 0 + 9*m**2 + 125/24*m**4. Let a be t(2). What is the greatest common divisor of 28 and a?
28
Suppose -8*s = -4*s - 508. Suppose v + s = 3*o, -4*o + 3*v = o - 213. Let f = -10 + 16. Calculate the greatest common factor of o and f.
6
Let n(v) be the first derivative of v**2/2 + v + 1. Let x be n(1). Let j be (56/(-3))/7*(-75)/100. Calculate the highest common factor of j and x.
2
Let v(q) = -4*q + 4. Let r be v(15). Let x be r/(-10) + 15/(-25). Suppose 2*c = -x*p + 28, -c - 3*c = 2*p - 40. What is the highest common factor of 72 and c?
9
Suppose 20*x + 118 = 598. Calculate the greatest common factor of 3 and x.
3
Suppose c - 460 = -184. What is the highest common factor of 69 and c?
69
Suppose -22*u = -953 + 139. What is the highest common factor of u and 814?
37
Suppose 158 + 102 = 13*p. What is the greatest common divisor of p and 20?
20
Suppose -28 = k + 3*k. Let u = -5 - k. Suppose 0 = -2*h + h + u. Calculate the greatest common divisor of 5 and h.
1
Suppose -6 = -5*w + 2*w. Suppose w*s = -3*m + 38, -5*s - 5 = -25. Calculate the greatest common divisor of 50 and m.
10
Let k(o) = -o + 1. Let f be k(-11). Let l = 7 + f. Let r be (-114)/2*(-4)/3. What is the highest common factor of l and r?
19
Suppose 3*l + 2*l = 445. Let k = l + -66. Calculate the highest common factor of 23 and k.
23
Let q(t) = 460*t**2 - 13*t + 13. Let d be q(1). What is the highest common factor of 184 and d?
92
Suppose -16*n + 525 = -13*n. Suppose -s + r + 188 = 0, n = 5*s + 4*r - 738. What is the greatest common factor of s and 37?
37
Suppose -5*i - 3*h + 13209 = 0, -5*i + 13212 = 7*h - 3*h. What is the highest common divisor of i and 80?
80
Let d(k) = k + 0 - 2 + k - k + 78*k**2. Let b be d(1). Suppose 5*i + 4*w - 23 = 0, -w - 22 - 16 = -5*i. Calculate the highest common factor of b and i.
7
Let u be 504/(-54)*(-6)/8. What is the greatest common divisor of u and 721?
7
Let m(c) = -c**2 + 28*c - 99. Let h be m(7). Calculate the greatest common factor of 864 and h.
48
Let n be (3 + 74/(-4))*-2. Let t = n - 16. Suppose 0 = 17*q - t*q - 40. Calculate the highest common divisor of 5 and q.
5
Let y = 317 + -163. What is the highest common divisor of 44 and y?
22
Let v be -4 + (70/(-25))/(1/(-15)). Calculate the highest common divisor of v and 57.
19
Suppose -9*x = -78 + 24. What is the highest common factor of x and 42?
6
Suppose n - d - 2*d - 1020 = 0, 0 = 4*d - 16. Calculate the greatest common factor of n and 86.
86
Let d(v) be the third derivative of -v**5/60 + 11*v**3/6 + 23*v**2. Let x be d(0). What is the greatest common divisor of 121 and x?
11
Let d(m) = m**2 + 19*m - 36. Let r be d(11). Calculate the highest common divisor of 126 and r.
42
Suppose 0 = -2*b - 0 - 10. Let z be (-15)/b + (3 - 3). Let m be -3*(-26)/z + 4. What is the greatest common divisor of 60 and m?
30
Suppose 5*q - 25 = 5. Suppose -w = -q*w + 5. What is the greatest common divisor of 1 and w?
1
Suppose 3 = a + 7. Let i be 56 - 1 - (5 - (-4)/a). Calculate the highest common factor of i and 34.
17
Suppose -246*g + 2520 = -176*g. Let z be 2/(-9) + (-5188)/(-18). Calculate the highest common divisor of g and z.
36
Let c(q) = 7*q**2 - q. Let l be c(1). Suppose 5*j - 1 = 3*v, 1 - 5 = 2*v - 5*j. Calculate the highest common factor of l and v.
3
Suppose 4*m = -4*w + 580, -4 + 9 = w. Calculate the highest common divisor of m and 20.
20
Suppose 354*c - 343*c - 968 = 0. What is the greatest common divisor of c and 48?
8
Let h be (-23 - -5)/(-2 + 14/4). Let t be (-3)/h - 438/(-8). Calculate the greatest common divisor of 33 and t.
11
Let d = -47 - -60. What is the greatest common factor of 3 and d?
1
Suppose 0 = -3*l + 8*l. Let u(m) = -m**2 - 2*m + 90. Let a be u(l). Calculate the highest common divisor of a and 18.
18
Suppose 13*z = 39*z - 416. Calculate the highest common factor of 4016 and z.
16
Suppose 44*h - 4 = 43*h. Suppose 0 = 2*m - 8, -4*g + 560 = 6*m - h*m. What is the greatest common factor of g and 92?
46
Let v(t) = -2*t + 31. Let z be v(-5). Suppose 3*c = -2 + z. Calculate the greatest common divisor of 117 and c.
13
Let j = -34 - -94. Calculate the highest common factor of 60 and j.
60
Suppose -l + 33 = -5*x, 6*l = 4*l + 5*x + 51. Let a be 326/2 - (2 + -1). What is the greatest common factor of l and a?
18
Suppose -3*b - 111 = -3*m - 4*b, 159 = 4*m + 5*b. Let k be 20/15*(m/(-8))/(-3). What is the greatest common divisor of k and 18?
2
Suppose 0 = -5*d + d + 5*h + 90, -5*d = -2*h - 104. Let s = d - 20. Suppose s = 17*a - 15*a - 36. Calculate the greatest common divisor of a and 27.
9
Let y = 13 - -3. Let s be 6/(-4)*y/(-6). Suppose -s*c + 212 = -4*r, 2*r + 8 = c - 50. Calculate the highest common divisor of 72 and c.
24
Let j be 5 - (3 - -3)/3. Suppose -2*i - 95 = 3*l - 8*l, -j*i - 76 = -4*l. Calculate the highest common factor of l and 152.
19
Suppose 0 = 2*z - z + 5*s - 21, 0 = -3*z + 5*s + 103. Let c be (0 - 0) + z + -2. Suppose -11*u - 857 = -3409. What is the highest common factor of u and c?
29
Let v be (-1)/((-2)/(-4)) - -122. Suppose 0 = 5*s - v. Let j be (2 - -8)/(2/s). Calculate the highest common divisor of j and 15.
15
Let p = 29 - 13. Let t = 27 - p. Suppose -3*o - w + 264 = 0, 2*o - 32 = -5*w + 144. Calculate the greatest common div